the ten thousands digit of 8111973?
1
What is the millions digit of 1825077?
1
What is the hundreds digit of 7887640?
6
What is the units digit of 63977?
7
What is the thousands digit of 8486900?
6
What is the tens digit of 842549?
4
What is the ten thousands digit of 126166?
2
What is the ten millions digit of 13930653?
1
What is the millions digit of 6311356?
6
What is the hundreds digit of 1842621?
6
What is the millions digit of 1400254?
1
What is the thousands digit of 351670?
1
What is the hundreds digit of 821341?
3
What is the tens digit of 398833?
3
What is the units digit of 2886850?
0
What is the tens digit of 276123?
2
What is the hundred thousands digit of 16855599?
8
What is the ten thousands digit of 217212?
1
What is the hundreds digit of 1042277?
2
What is the units digit of 1426516?
6
What is the hundred thousands digit of 2347892?
3
What is the units digit of 16844082?
2
What is the ten thousands digit of 7401063?
0
What is the ten thousands digit of 200190?
0
What is the hundreds digit of 924747?
7
What is the tens digit of 411911?
1
What is the tens digit of 3151853?
5
What is the tens digit of 205345?
4
What is the thousands digit of 13662720?
2
What is the thousands digit of 7636845?
6
What is the thousands digit of 4479045?
9
What is the tens digit of 527532?
3
What is the ten thousands digit of 1902219?
0
What is the units digit of 547957?
7
What is the hundred thousands digit of 542078?
5
What is the hundreds digit of 2849199?
1
What is the units digit of 4390263?
3
What is the ten thousands digit of 722060?
2
What is the hundreds digit of 488901?
9
What is the tens digit of 296995?
9
What is the ten thousands digit of 198858?
9
What is the units digit of 3161177?
7
What is the units digit of 1869358?
8
What is the hundred thousands digit of 198645?
1
What is the millions digit of 6775224?
6
What is the tens digit of 687990?
9
What is the thousands digit of 165364?
5
What is the tens digit of 285238?
3
What is the tens digit of 2589468?
6
What is the thousands digit of 1142563?
2
What is the hundreds digit of 18416539?
5
What is the tens digit of 42269?
6
What is the thousands digit of 1247544?
7
What is the units digit of 1091220?
0
What is the millions digit of 4834137?
4
What is the hundred thousands digit of 3917322?
9
What is the tens digit of 1012628?
2
What is the millions digit of 3403872?
3
What is the thousands digit of 279499?
9
What is the thousands digit of 1085?
1
What is the units digit of 1741919?
9
What is the ten thousands digit of 2320876?
2
What is the hundreds digit of 263179?
1
What is the units digit of 10347695?
5
What is the hundred thousands digit of 3655569?
6
What is the tens digit of 427010?
1
What is the tens digit of 981310?
1
What is the thousands digit of 1753?
1
What is the hundreds digit of 84333?
3
What is the units digit of 1408950?
0
What is the hundred thousands digit of 2612906?
6
What is the thousands digit of 10954?
0
What is the thousands digit of 36567905?
7
What is the ten thousands digit of 1740672?
4
What is the units digit of 23455461?
1
What is the thousands digit of 29526407?
6
What is the tens digit of 182629?
2
What is the ten thousands digit of 318041?
1
What is the thousands digit of 2617232?
7
What is the tens digit of 298887?
8
What is the hundreds digit of 15215632?
6
What is the hundred thousands digit of 305603?
3
What is the hundreds digit of 22935274?
2
What is the tens digit of 11549564?
6
What is the hundreds digit of 473134?
1
What is the thousands digit of 3851056?
1
What is the hundred thousands digit of 20474968?
4
What is the ten thousands digit of 224273?
2
What is the units digit of 1099250?
0
What is the thousands digit of 9039640?
9
What is the units digit of 1903686?
6
What is the ten thousands digit of 4389153?
8
What is the tens digit of 292379?
7
What is the hundreds digit of 495141?
1
What is the units digit of 867198?
8
What is the tens digit of 34906?
0
What is the hundreds digit of 122236?
2
What is the tens digit of 46681?
8
What is the units digit of 1289364?
4
What is the units digit of 476048?
8
What is the ten thousands digit of 13075839?
7
What is the tens digit of 8588078?
7
What is the hundred thousands digit of 503613?
5
What is the tens digit of 86704?
0
What is the hundreds digit of 70637?
6
What is the hundred thousands digit of 437993?
4
What is the units digit of 9075822?
2
What is the units digit of 258224?
4
What is the ten thousands digit of 98981?
9
What is the units digit of 195530?
0
What is the tens digit of 232950?
5
What is the tens digit of 30368?
6
What is the hundreds digit of 336700?
7
What is the units digit of 749061?
1
What is the hundred thousands digit of 2161828?
1
What is the hundred thousands digit of 109226?
1
What is the hundred thousands digit of 131145?
1
What is the ten millions digit of 21576643?
2
What is the hundreds digit of 704000?
0
What is the hundred thousands digit of 18113627?
1
What is the thousands digit of 518346?
8
What is the tens digit of 4266893?
9
What is the hundred thousands digit of 231563?
2
What is the ten thousands digit of 4769229?
6
What is the hundreds digit of 8147417?
4
What is the ten thousands digit of 644935?
4
What is the tens digit of 13707?
0
What is the hundreds digit of 1886849?
8
What is the hundred thousands digit of 100764?
1
What is the units digit of 1194314?
4
What is the thousands digit of 1648233?
8
What is the millions digit of 7417554?
7
What is the tens digit of 6070434?
3
What is the ten thousands digit of 106743?
0
What is the millions digit of 2059290?
2
What is the thousands digit of 258753?
8
What is the thousands digit of 2850638?
0
What is the hundred thousands digit of 479572?
4
What is the units digit of 1596427?
7
What is the thousands digit of 3994302?
4
What is the hundreds digit of 251441?
4
What is the thousands digit of 2900278?
0
What is the ten thousands digit of 55702?
5
What is the hundreds digit of 2426?
4
What is the units digit of 2582858?
8
What is the millions digit of 9603045?
9
What is the ten thousands digit of 544318?
4
What is the tens digit of 17943134?
3
What is the hundreds digit of 8344563?
5
What is the millions digit of 4790647?
4
What is the units digit of 190557?
7
What is the ten millions digit of 20715624?
2
What is the hundred thousands digit of 761755?
7
What is the ten thousands digit of 123183?
2
What is the thousands digit of 462657?
2
What is the ten thousands digit of 224202?
2
What is the hundreds digit of 218103?
1
What is the thousands digit of 4261442?
1
What is the ten millions digit of 13319388?
1
What is the thousands digit of 3878684?
8
What is the ten thousands digit of 216757?
1
What is the thousands digit of 40121691?
1
What is the hundreds digit of 4242837?
8
What is the hundred thousands digit of 2009047?
0
What is the millions digit of 8207809?
8
What is the millions digit of 1240636?
1
What is the units digit of 261323?
3
What is the hundreds digit of 22662572?
5
What is the hundred thousands digit of 489016?
4
What is the thousands digit of 884144?
4
What is the thousands digit of 5598384?
8
What is the thousands digit of 270477?
0
What is the hundred thousands digit of 1371755?
3
What is the hundreds digit of 6743310?
3
What is the hundred thousands digit of 1698398?
6
What is the hundreds digit of 9195736?
7
What is the millions digit of 1188506?
1
What is the hundreds digit of 192319?
3
What is the hundreds digit of 250583?
5
What is the ten thousands digit of 11863333?
6
What is the units digit of 24340069?
9
What is the hundred thousands digit of 1883345?
8
What is the tens digit of 69086?
8
What is the ten millions digit of 12519672?
1
What is the ten thousands digit of 749912?
4
What is the ten thousands digit of 192703?
9
What is the millions digit of 11848712?
1
What is the units digit of 407284?
4
What is the tens digit of 440186?
8
What is the thousands digit of 5336751?
6
What is the ten millions digit of 16123036?
1
What is the units digit of 6190582?
2
What is the hundreds digit of 59936?
9
What is the thousands digit of 200890?
0
What is the thousands digit of 1400661?
0
What is the thousands digit of 840972?
0
What is the units digit of 702591?
1
What is the thousands dig